{"id":289,"date":"2015-06-17T15:05:06","date_gmt":"2015-06-17T13:05:06","guid":{"rendered":"http:\/\/claudiawehrli.ch\/wordpress5\/?page_id=289"},"modified":"2025-08-08T11:06:38","modified_gmt":"2025-08-08T09:06:38","slug":"verein","status":"publish","type":"page","link":"https:\/\/historischer-verein-winterthur.ch\/site\/verein\/","title":{"rendered":"Historischer Verein"},"content":{"rendered":"<p><strong>Geschichte lebendig vermitteln<\/strong><\/p>\n<p class=\"Haupttext\">Dieses Ziel verfolgt der Historische Verein Winterthur seit seiner Gr\u00fcndung 1874.<br \/>\nSehen Sie dazu unsere <a href=\"https:\/\/historischer-verein-winterthur.ch\/site\/wp-content\/uploads\/2023\/02\/20230228_HVW-Statuten_2023.pdf\">Statuten<\/a>.<\/p>\n<hr \/>\n<p><strong>Der Verein<\/strong><\/p>\n<ul>\n<li>organisiert historische und kulturhistorische Vortr\u00e4ge und Exkursionen<\/li>\n<li>f\u00f6rdert Publikationen zur Geschichte Winterthurs<\/li>\n<li>betreut die Villa Lindengut, die M\u00f6rsburg und das <a href=\"http:\/\/www.museumschaffen.ch\">Museum Schaffen<\/a><\/li>\n<\/ul>\n<hr \/>\n<p><strong>Die Mitglieder<\/strong><\/p>\n<ul>\n<li>werden an die Vortr\u00e4ge und Exkursionen eingeladen<\/li>\n<li>erhalten als Jahresgabe das Neujahrsblatt der Stadtbibliothek Winterthur geschenkt<\/li>\n<li>haben freien Eintritt in das <a href=\"http:\/\/www.museumschaffen.ch\">Museum Schaffen<\/a>, die Villa\u00a0Lindengut und in die M\u00f6rsburg<\/li>\n<\/ul>\n<p style=\"text-align: left;\"><span style=\"color: #808080;\"><span style=\"color: #ff0000;\"><a style=\"color: #ff0000;\" href=\"http:\/\/historischer-verein-winterthur.ch\/site\/kontakt-2\/\">Werden Sie Mitglied des Historischen Vereins<\/a> <\/span><\/span>und leisten Sie einen ideellen Beitrag zur Winterthurer Geschichtskultur.<\/p>\n<hr \/>\n<p><strong>Der Vorstand<\/strong><\/p>\n<ul>\n<li class=\"Haupttext\">Christian Huggenberg, Pr\u00e4sident<\/li>\n<li>Helen Girardier, Vizepr\u00e4sidentin<\/li>\n<li>Bettina Mosca-Rau, Aktuarin<\/li>\n<li>Rita Borner<\/li>\n<li>Anja Huber<\/li>\n<li class=\"Haupttext\">Chrigel Scherrer<\/li>\n<li>Josip Spec<\/li>\n<li class=\"Haupttext\">Andrea Tiziani<\/li>\n<li>Tobias Wanzenried<\/li>\n<\/ul>\n<hr \/>\n<p><strong>Jahresberichte<\/strong><\/p>\n<ul>\n<li><a href=\"https:\/\/historischer-verein-winterthur.ch\/site\/wp-content\/uploads\/2024\/07\/JB-2021_final.pdf\">Jahresbericht 2021<\/a><\/li>\n<li><a href=\"https:\/\/historischer-verein-winterthur.ch\/site\/wp-content\/uploads\/2024\/07\/HVW_Jahresbericht-2022.pdf\">Jahresbericht 2022<\/a><\/li>\n<li><a href=\"https:\/\/historischer-verein-winterthur.ch\/site\/wp-content\/uploads\/2024\/07\/HVW_Jahresbericht_-2023.pdf\">Jahresbericht 2023<\/a><\/li>\n<li><a href=\"https:\/\/historischer-verein-winterthur.ch\/site\/wp-content\/uploads\/2025\/08\/2024_Jahresbericht-Historischer-Verein-Winterthur.pdf\">Jahresbericht 2024<\/a><\/li>\n<\/ul>\n<hr \/>\n<p><strong>Text-,\u00a0Bild- und Videomaterial<\/strong><\/p>\n<p>Dieses darf in Zusammenhang mit der Berichterstattung \u00fcber die Aktivit\u00e4ten des Historischen Vereins Winterthur von Medienvertreterinnen und -vertretern unter Angabe der Quellen frei verwendet werden.<\/p>\n<hr \/>\n<p><a style=\"color: #ff0000;\" href=\"http:\/\/historischer-verein-winterthur.ch\/site\">zur\u00fcck<\/a><\/p>\n","protected":false},"excerpt":{"rendered":"<p>Geschichte lebendig vermitteln Dieses Ziel verfolgt der Historische Verein Winterthur seit seiner Gr\u00fcndung 1874. Sehen Sie dazu unsere Statuten. Der Verein organisiert historische und kulturhistorische Vortr\u00e4ge und Exkursionen f\u00f6rdert Publikationen zur Geschichte Winterthurs betreut die Villa Lindengut, die M\u00f6rsburg und das Museum Schaffen Die Mitglieder werden an die Vortr\u00e4ge und Exkursionen eingeladen erhalten als Jahresgabe<a href=\"https:\/\/historischer-verein-winterthur.ch\/site\/verein\/\">[&#8230;]<\/a><\/p>\n","protected":false},"author":1,"featured_media":0,"parent":0,"menu_order":0,"comment_status":"closed","ping_status":"closed","template":"","meta":{"footnotes":""},"class_list":["post-289","page","type-page","status-publish","hentry"],"aioseo_notices":[],"_links":{"self":[{"href":"https:\/\/historischer-verein-winterthur.ch\/site\/wp-json\/wp\/v2\/pages\/289","targetHints":{"allow":["GET"]}}],"collection":[{"href":"https:\/\/historischer-verein-winterthur.ch\/site\/wp-json\/wp\/v2\/pages"}],"about":[{"href":"https:\/\/historischer-verein-winterthur.ch\/site\/wp-json\/wp\/v2\/types\/page"}],"author":[{"embeddable":true,"href":"https:\/\/historischer-verein-winterthur.ch\/site\/wp-json\/wp\/v2\/users\/1"}],"replies":[{"embeddable":true,"href":"https:\/\/historischer-verein-winterthur.ch\/site\/wp-json\/wp\/v2\/comments?post=289"}],"version-history":[{"count":88,"href":"https:\/\/historischer-verein-winterthur.ch\/site\/wp-json\/wp\/v2\/pages\/289\/revisions"}],"predecessor-version":[{"id":291,"href":"https:\/\/historischer-verein-winterthur.ch\/site\/wp-json\/wp\/v2\/pages\/289\/revisions\/291"}],"wp:attachment":[{"href":"https:\/\/historischer-verein-winterthur.ch\/site\/wp-json\/wp\/v2\/media?parent=289"}],"curies":[{"name":"wp","href":"https:\/\/api.w.org\/{rel}","templated":true}]}}

<p><strong>Geschichte lebendig vermitteln</strong></p>
<p class="Haupttext">Dieses Ziel verfolgt der Historische Verein Winterthur seit seiner Gründung 1874.<br />
Sehen Sie dazu unsere <a href="https://historischer-verein-winterthur.ch/site/wp-content/uploads/2023/02/20230228_HVW-Statuten_2023.pdf">Statuten</a>.</p>
<hr />
<p><strong>Der Verein</strong></p>
<ul>
<li>organisiert historische und kulturhistorische Vorträge und Exkursionen</li>
<li>fördert Publikationen zur Geschichte Winterthurs</li>
<li>betreut die Villa Lindengut, die Mörsburg und das <a href="http://www.museumschaffen.ch">Museum Schaffen</a></li>
</ul>
<hr />
<p><strong>Die Mitglieder</strong></p>
<ul>
<li>werden an die Vorträge und Exkursionen eingeladen</li>
<li>erhalten als Jahresgabe das Neujahrsblatt der Stadtbibliothek Winterthur geschenkt</li>
<li>haben freien Eintritt in das <a href="http://www.museumschaffen.ch">Museum Schaffen</a>, die Villa Lindengut und in die Mörsburg</li>
</ul>
<p style="text-align: left;"><span style="color: #808080;"><span style="color: #ff0000;"><a style="color: #ff0000;" href="http://historischer-verein-winterthur.ch/site/kontakt-2/">Werden Sie Mitglied des Historischen Vereins</a> </span></span>und leisten Sie einen ideellen Beitrag zur Winterthurer Geschichtskultur.</p>
<hr />
<p><strong>Der Vorstand</strong></p>
<ul>
<li class="Haupttext">Christian Huggenberg, Präsident</li>
<li>Helen Girardier, Vizepräsidentin</li>
<li>Bettina Mosca-Rau, Aktuarin</li>
<li>Rita Borner</li>
<li>Anja Huber</li>
<li class="Haupttext">Chrigel Scherrer</li>
<li>Josip Spec</li>
<li class="Haupttext">Andrea Tiziani</li>
<li>Tobias Wanzenried</li>
</ul>
<hr />
<p><strong>Jahresberichte</strong></p>
<ul>
<li><a href="https://historischer-verein-winterthur.ch/site/wp-content/uploads/2024/07/JB-2021_final.pdf">Jahresbericht 2021</a></li>
<li><a href="https://historischer-verein-winterthur.ch/site/wp-content/uploads/2024/07/HVW_Jahresbericht-2022.pdf">Jahresbericht 2022</a></li>
<li><a href="https://historischer-verein-winterthur.ch/site/wp-content/uploads/2024/07/HVW_Jahresbericht_-2023.pdf">Jahresbericht 2023</a></li>
<li><a href="https://historischer-verein-winterthur.ch/site/wp-content/uploads/2025/08/2024_Jahresbericht-Historischer-Verein-Winterthur.pdf">Jahresbericht 2024</a></li>
</ul>
<hr />
<p><strong>Text-, Bild- und Videomaterial</strong></p>
<p>Dieses darf in Zusammenhang mit der Berichterstattung über die Aktivitäten des Historischen Vereins Winterthur von Medienvertreterinnen und -vertretern unter Angabe der Quellen frei verwendet werden.</p>
<hr />
<p><a style="color: #ff0000;" href="http://historischer-verein-winterthur.ch/site">zurück</a></p>

<p>Geschichte lebendig vermitteln Dieses Ziel verfolgt der Historische Verein Winterthur seit seiner Gründung 1874. Sehen Sie dazu unsere Statuten. Der Verein organisiert historische und kulturhistorische Vorträge und Exkursionen fördert Publikationen zur Geschichte Winterthurs betreut die Villa Lindengut, die Mörsburg und das Museum Schaffen Die Mitglieder werden an die Vorträge und Exkursionen eingeladen erhalten als Jahresgabe<a href="https://historischer-verein-winterthur.ch/site/verein/">[&#8230;]</a></p>
