{"id":64,"date":"2015-06-01T11:12:21","date_gmt":"2015-06-01T09:12:21","guid":{"rendered":"http:\/\/claudiawehrli.ch\/wordpress5\/?page_id=64"},"modified":"2025-05-01T22:05:01","modified_gmt":"2025-05-01T20:05:01","slug":"moersburg-2","status":"publish","type":"page","link":"https:\/\/historischer-verein-winterthur.ch\/site\/moersburg-2\/","title":{"rendered":"M\u00f6rsburg"},"content":{"rendered":"<p><a href=\"http:\/\/historischer-verein-winterthur.ch\/site\/wp-content\/uploads\/2015\/06\/Saal1.jpg\"><img loading=\"lazy\" decoding=\"async\" class=\"aligncenter size-full wp-image-222\" src=\"http:\/\/historischer-verein-winterthur.ch\/site\/wp-content\/uploads\/2015\/06\/Saal1.jpg\" alt=\"Saal\" width=\"1200\" height=\"690\" srcset=\"https:\/\/historischer-verein-winterthur.ch\/site\/wp-content\/uploads\/2015\/06\/Saal1.jpg 1200w, https:\/\/historischer-verein-winterthur.ch\/site\/wp-content\/uploads\/2015\/06\/Saal1-300x173.jpg 300w, https:\/\/historischer-verein-winterthur.ch\/site\/wp-content\/uploads\/2015\/06\/Saal1-1024x589.jpg 1024w\" sizes=\"auto, (max-width: 1200px) 100vw, 1200px\" \/><\/a><a href=\"http:\/\/historischer-verein-winterthur.ch\/site\/wp-content\/uploads\/2015\/06\/Saal.jpg\"><br \/>\n<\/a>Die M\u00f6rsburg steht an pr\u00e4chtiger Aussichtslage auf dem H\u00fcgelzug im Nordosten von Winterthur. Sie wird 1241 erstmals als Besitz der Grafen von Kyburg erw\u00e4hnt. Diese lassen die Anlage um 1250 erweitern und die fr\u00fchgotische Kapelle einbauen. In den folgenden Jahrhunderten wird die Burganlage bis auf den Hauptturm reduziert.<\/p>\n<p>1273 geht die M\u00f6rsburg an die Habsburger, 1363 an die Herren von Goldenberg und 1598 an die Stadt Winterthur, die 1735 das Fachwerkgeschoss erneuert und einen Festsaal einrichtet. Seit 1901 steht sie dem Historischen Verein als Museum zur Verf\u00fcgung.<\/p>\n<p>An drei Daten finden <strong>szenische F\u00fchrungen<\/strong> durch die M\u00f6rsburg mit der Magd Berta statt. Weitere Informationen hier im Flyer:\u00a0<a title=\"Schloss M\u00f6rsburg: F\u00fchrungen\" href=\"https:\/\/historischer-verein-winterthur.ch\/site\/schloss-moersburg-fuehrungen\/\">Szenische F\u00fchrungen M\u00f6rsburg mit Patricia Negri<\/a><\/p>\n<p><b>Private Schlossf\u00fchrungen<\/b> und <strong>private szenische F\u00fchrungen<\/strong> durch die M\u00f6rsburg f\u00fcr ganz unterschiedliche Gruppen sind m\u00f6glich, auch ausserhalb der \u00d6ffnungszeiten, ev. verbunden mit einem Ap\u00e9ro im herrlichen Herrensaal mit Fernsicht. Reservationen beim Gasthaus Schlosshalde, Telefon 052 233 78 78. Weitere Informationen hier im Flyer: <a href=\"https:\/\/historischer-verein-winterthur.ch\/site\/wp-content\/uploads\/2024\/05\/2024_Einladung_priv_Fuehrung-Moersburg.pdf\">Flyer private Schlossf\u00fchrungen<\/a> und <a href=\"https:\/\/historischer-verein-winterthur.ch\/site\/wp-content\/uploads\/2025\/05\/2025Moersburg_Berta_PrivatfuehrungenA4.jpg\">Flyer private szenische F\u00fchrungen<\/a>.<\/p>\n<p>&nbsp;<\/p>\n<hr \/>\n<h2>Ausstellung in der M\u00f6rsburg<\/h2>\n<p><strong>\u00d6ffnungszeiten<\/strong><\/p>\n<p>Die Ausstellung in der M\u00f6rsburg ist vom 1. Mai bis zum 31. Oktober offen.<\/p>\n<p>Mi \u2013 Sa: 14\u201317 Uhr<br \/>\nSo: 13 \u2013 17 Uhr<\/p>\n<p>Mo, Di: geschlossen<\/p>\n<p><strong>Eintritt<br \/>\n<\/strong>CHF 5.\u2013<br \/>\nf\u00fcr Mitglieder des Historischen Vereins Winterthur mit Ausweis kostenlos<\/p>\n<hr \/>\n<h2>Lage und Anfahrt<\/h2>\n<p>Die M\u00f6rsburg liegt gut 5 km Luftlinie von der Winterthurer Altstadt entfernt auf dem Stadler Berg.<\/p>\n<p>Sie ist von den Bahnstationen Reutlingen, Seuzach oder Dinhard (Linie Winterthur\u2013Stein am Rhein) und Rickenbach-Attikon (Linie Winterthur-Frauenfeld) je in einem halbst\u00fcndigen Spaziergang zu erreichen.<\/p>\n<p>Mit dem Auto gelangt man via Stadel oder Sulz (Rickenbach) zur M\u00f6rsburg.<\/p>\n<p><strong>M\u00f6rsburg<\/strong><br \/>\nM\u00f6rsburgstrasse 30, 8404 Winterthur, Kontakt <a href=\"https:\/\/schlosshalde-winterthur.ch\">Gasthaus Schlosshalde<\/a>, Telefon 052 233 78 78, <a href=\"mailto:info@schlosshalde-winterthur.ch\">info@moersburg-winterthur.ch\u00a0\u00a0\u00a0 <\/a><iframe loading=\"lazy\" style=\"border: 0;\" src=\"https:\/\/www.google.com\/maps\/embed?pb=!1m18!1m12!1m3!1d2693.4313209500724!2d8.766409951792722!3d47.53993350047087!2m3!1f0!2f0!3f0!3m2!1i1024!2i768!4f13.1!3m3!1m2!1s0x479a9a66f3ea1cc7%3A0x5b8532ebacd21b30!2sSchloss+M%C3%B6rsburg!5e0!3m2!1sde!2sch!4v1551197549803\" width=\"1200\" height=\"500\" frameborder=\"0\" allowfullscreen=\"allowfullscreen\"><\/iframe><br \/>\n<span style=\"color: #ff0000;\"><a style=\"color: #ff0000;\" href=\"http:\/\/historischer-verein-winterthur.ch\/site\">zur\u00fcck<\/a><\/span><\/p>\n<div style=\"overflow: hidden; width: 100%; position: relative;\"><\/div>\n","protected":false},"excerpt":{"rendered":"<p>Die M\u00f6rsburg steht an pr\u00e4chtiger Aussichtslage auf dem H\u00fcgelzug im Nordosten von Winterthur. Sie wird 1241 erstmals als Besitz der Grafen von Kyburg erw\u00e4hnt. Diese lassen die Anlage um 1250 erweitern und die fr\u00fchgotische Kapelle einbauen. In den folgenden Jahrhunderten wird die Burganlage bis auf den Hauptturm reduziert. 1273 geht die M\u00f6rsburg an die Habsburger,<a href=\"https:\/\/historischer-verein-winterthur.ch\/site\/moersburg-2\/\">[&#8230;]<\/a><\/p>\n","protected":false},"author":1,"featured_media":0,"parent":0,"menu_order":0,"comment_status":"closed","ping_status":"closed","template":"","meta":{"footnotes":""},"class_list":["post-64","page","type-page","status-publish","hentry"],"aioseo_notices":[],"_links":{"self":[{"href":"https:\/\/historischer-verein-winterthur.ch\/site\/wp-json\/wp\/v2\/pages\/64","targetHints":{"allow":["GET"]}}],"collection":[{"href":"https:\/\/historischer-verein-winterthur.ch\/site\/wp-json\/wp\/v2\/pages"}],"about":[{"href":"https:\/\/historischer-verein-winterthur.ch\/site\/wp-json\/wp\/v2\/types\/page"}],"author":[{"embeddable":true,"href":"https:\/\/historischer-verein-winterthur.ch\/site\/wp-json\/wp\/v2\/users\/1"}],"replies":[{"embeddable":true,"href":"https:\/\/historischer-verein-winterthur.ch\/site\/wp-json\/wp\/v2\/comments?post=64"}],"version-history":[{"count":76,"href":"https:\/\/historischer-verein-winterthur.ch\/site\/wp-json\/wp\/v2\/pages\/64\/revisions"}],"predecessor-version":[{"id":2476,"href":"https:\/\/historischer-verein-winterthur.ch\/site\/wp-json\/wp\/v2\/pages\/64\/revisions\/2476"}],"wp:attachment":[{"href":"https:\/\/historischer-verein-winterthur.ch\/site\/wp-json\/wp\/v2\/media?parent=64"}],"curies":[{"name":"wp","href":"https:\/\/api.w.org\/{rel}","templated":true}]}}

Mörsburg

<p><a href="http://historischer-verein-winterthur.ch/site/wp-content/uploads/2015/06/Saal1.jpg"><img loading="lazy" decoding="async" class="aligncenter size-full wp-image-222" src="http://historischer-verein-winterthur.ch/site/wp-content/uploads/2015/06/Saal1.jpg" alt="Saal" width="1200" height="690" srcset="https://historischer-verein-winterthur.ch/site/wp-content/uploads/2015/06/Saal1.jpg 1200w, https://historischer-verein-winterthur.ch/site/wp-content/uploads/2015/06/Saal1-300x173.jpg 300w, https://historischer-verein-winterthur.ch/site/wp-content/uploads/2015/06/Saal1-1024x589.jpg 1024w" sizes="auto, (max-width: 1200px) 100vw, 1200px" /></a><a href="http://historischer-verein-winterthur.ch/site/wp-content/uploads/2015/06/Saal.jpg"><br />
</a>Die Mörsburg steht an prächtiger Aussichtslage auf dem Hügelzug im Nordosten von Winterthur. Sie wird 1241 erstmals als Besitz der Grafen von Kyburg erwähnt. Diese lassen die Anlage um 1250 erweitern und die frühgotische Kapelle einbauen. In den folgenden Jahrhunderten wird die Burganlage bis auf den Hauptturm reduziert.</p>
<p>1273 geht die Mörsburg an die Habsburger, 1363 an die Herren von Goldenberg und 1598 an die Stadt Winterthur, die 1735 das Fachwerkgeschoss erneuert und einen Festsaal einrichtet. Seit 1901 steht sie dem Historischen Verein als Museum zur Verfügung.</p>
<p>An drei Daten finden <strong>szenische Führungen</strong> durch die Mörsburg mit der Magd Berta statt. Weitere Informationen hier im Flyer: <a title="Schloss Mörsburg: Führungen" href="https://historischer-verein-winterthur.ch/site/schloss-moersburg-fuehrungen/">Szenische Führungen Mörsburg mit Patricia Negri</a></p>
<p><b>Private Schlossführungen</b> und <strong>private szenische Führungen</strong> durch die Mörsburg für ganz unterschiedliche Gruppen sind möglich, auch ausserhalb der Öffnungszeiten, ev. verbunden mit einem Apéro im herrlichen Herrensaal mit Fernsicht. Reservationen beim Gasthaus Schlosshalde, Telefon 052 233 78 78. Weitere Informationen hier im Flyer: <a href="https://historischer-verein-winterthur.ch/site/wp-content/uploads/2024/05/2024_Einladung_priv_Fuehrung-Moersburg.pdf">Flyer private Schlossführungen</a> und <a href="https://historischer-verein-winterthur.ch/site/wp-content/uploads/2025/05/2025Moersburg_Berta_PrivatfuehrungenA4.jpg">Flyer private szenische Führungen</a>.</p>
<p>&nbsp;</p>
<hr />
<h2>Ausstellung in der Mörsburg</h2>
<p><strong>Öffnungszeiten</strong></p>
<p>Die Ausstellung in der Mörsburg ist vom 1. Mai bis zum 31. Oktober offen.</p>
<p>Mi – Sa: 14–17 Uhr<br />
So: 13 – 17 Uhr</p>
<p>Mo, Di: geschlossen</p>
<p><strong>Eintritt<br />
</strong>CHF 5.–<br />
für Mitglieder des Historischen Vereins Winterthur mit Ausweis kostenlos</p>
<hr />
<h2>Lage und Anfahrt</h2>
<p>Die Mörsburg liegt gut 5 km Luftlinie von der Winterthurer Altstadt entfernt auf dem Stadler Berg.</p>
<p>Sie ist von den Bahnstationen Reutlingen, Seuzach oder Dinhard (Linie Winterthur–Stein am Rhein) und Rickenbach-Attikon (Linie Winterthur-Frauenfeld) je in einem halbstündigen Spaziergang zu erreichen.</p>
<p>Mit dem Auto gelangt man via Stadel oder Sulz (Rickenbach) zur Mörsburg.</p>
<p><strong>Mörsburg</strong><br />
Mörsburgstrasse 30, 8404 Winterthur, Kontakt <a href="https://schlosshalde-winterthur.ch">Gasthaus Schlosshalde</a>, Telefon 052 233 78 78, <a href="mailto:info@schlosshalde-winterthur.ch">info@moersburg-winterthur.ch    </a><iframe loading="lazy" style="border: 0;" src="https://www.google.com/maps/embed?pb=!1m18!1m12!1m3!1d2693.4313209500724!2d8.766409951792722!3d47.53993350047087!2m3!1f0!2f0!3f0!3m2!1i1024!2i768!4f13.1!3m3!1m2!1s0x479a9a66f3ea1cc7%3A0x5b8532ebacd21b30!2sSchloss+M%C3%B6rsburg!5e0!3m2!1sde!2sch!4v1551197549803" width="1200" height="500" frameborder="0" allowfullscreen="allowfullscreen"></iframe><br />
<span style="color: #ff0000;"><a style="color: #ff0000;" href="http://historischer-verein-winterthur.ch/site">zurück</a></span></p>
<div style="overflow: hidden; width: 100%; position: relative;"></div>

<p>Die Mörsburg steht an prächtiger Aussichtslage auf dem Hügelzug im Nordosten von Winterthur. Sie wird 1241 erstmals als Besitz der Grafen von Kyburg erwähnt. Diese lassen die Anlage um 1250 erweitern und die frühgotische Kapelle einbauen. In den folgenden Jahrhunderten wird die Burganlage bis auf den Hauptturm reduziert. 1273 geht die Mörsburg an die Habsburger,<a href="https://historischer-verein-winterthur.ch/site/moersburg-2/">[&#8230;]</a></p>
