{"id":71,"date":"2015-06-01T13:49:09","date_gmt":"2015-06-01T11:49:09","guid":{"rendered":"http:\/\/claudiawehrli.ch\/wordpress5\/?page_id=71"},"modified":"2022-04-01T14:37:27","modified_gmt":"2022-04-01T12:37:27","slug":"lindengut","status":"publish","type":"page","link":"https:\/\/historischer-verein-winterthur.ch\/site\/lindengut\/","title":{"rendered":"Villa Lindengut"},"content":{"rendered":"<p><a href=\"http:\/\/historischer-verein-winterthur.ch\/site\/wp-content\/uploads\/2015\/06\/Trauzimmer.jpg\"><img loading=\"lazy\" decoding=\"async\" class=\"wp-image-224 size-full aligncenter\" src=\"http:\/\/historischer-verein-winterthur.ch\/site\/wp-content\/uploads\/2015\/06\/Trauzimmer.jpg\" alt=\"\" width=\"1074\" height=\"610\" srcset=\"https:\/\/historischer-verein-winterthur.ch\/site\/wp-content\/uploads\/2015\/06\/Trauzimmer.jpg 1074w, https:\/\/historischer-verein-winterthur.ch\/site\/wp-content\/uploads\/2015\/06\/Trauzimmer-300x170.jpg 300w, https:\/\/historischer-verein-winterthur.ch\/site\/wp-content\/uploads\/2015\/06\/Trauzimmer-1024x582.jpg 1024w\" sizes=\"auto, (max-width: 1074px) 100vw, 1074px\" \/><br \/>\n<\/a><\/p>\n<p>Die Villa Lindengut mit Kutscher- und G\u00e4rtnerhaus ist in eine pr\u00e4chtige Parkanlage eingebettet, die zum Verweilen einl\u00e4dt. Gegen Ende des 18.\u00a0Jahrhunderts ist die Villa als eines der ersten Wohnh\u00e4user ausserhalb der Toren Winterthurs vom Unternehmer Johann Sebastian Clais erbaut worden.<\/p>\n<p>Heute dient die Villa Lindengut als Basis f\u00fcr die Aktivit\u00e4ten des Historischen Vereins und als Ort, an dem\u00a0sich Brautpaare das Ja-Wort geben. Reich dekorierte T\u00e4fer aus st\u00e4dtischen B\u00fcrgerh\u00e4usern und bemalte Turm\u00f6fen aus lokaler Produktion lassen die R\u00e4ume in pr\u00e4chtigem Glanz erstrahlen.<\/p>\n<p>Online-Panorama Tour durch die Villa Lindengut:<\/p>\n<p><a href=\"https:\/\/www.jantofilm.ch\/panotour\/MuseumLindengut\/index.html\">https:\/\/www.jantofilm.ch\/panotour\/MuseumLindengut\/index.html<\/a><\/p>\n<p>Online-Spiel in der Villa Lindengut &#8222;Finde das Lieblings-Kinderspielzeug von NR Dr. Eduard Sulzer-Ziegler, dem letzten Bewohner des Lindenguts:<\/p>\n<p><a href=\"https:\/\/360games.ch\/lindengut\/\">https:\/\/360games.ch\/lindengut\/<\/a><\/p>\n<hr \/>\n<h3><b><\/b><b>Ausstellung im Lindengut<\/b><\/h3>\n<p class=\"Haupttext\"><b>\u00d6ffnungszeiten<br \/>\n<\/b>Di, Mi, Do, Sa: 14\u201317 Uhr<br \/>\nSo: 10\u201312 und 14\u201317 Uhr<br \/>\nMo, Fr: geschlossen<\/p>\n<p class=\"Haupttext\"><b>Eintritt<br \/>\n<\/b>CHF 5.\u2013, reduziert CHF 3.\u2013<br \/>\nf\u00fcr Mitglieder des Historischen Vereins Winterthur mit Ausweis kostenlos<br \/>\nWorkshops und F\u00fchrungen f\u00fcr Gruppen auf Anfrage.<\/p>\n<hr \/>\n<h3><b>Lage und Anfahrt<\/b><\/h3>\n<p class=\"Haupttext\">Die Villa\u00a0Lindengut liegt an der R\u00f6merstrasse 8 in Winterthur, am \u00f6stlichen Ausgang der Altstadt beim Obertor.<\/p>\n<p class=\"Haupttext\">Zu Fuss ist die Villa Lindengut ab dem Bahnhof Winterthur in einem gut viertelst\u00fcndigen Spaziergang durch die Altstadt zu erreichen oder mit Bus 1 ab dem Bahnhofplatz bis Haltestelle Obertor.<\/p>\n<p class=\"Haupttext\">Parkh\u00e4user stehen an der Technikumsstrasse und an der Museumsstrasse in je rund 5 Minuten Fussdistanz zur Verf\u00fcgung.<\/p>\n<hr \/>\n<p class=\"Haupttext\"><strong>Lindengut<\/strong><br \/>\n<span class=\"street-address\">R\u00f6merstrasse 8,\u00a0<\/span><span class=\"tel-zipcity\"><span class=\"postal-code\">8400<\/span>\u00a0<span class=\"locality\">Winterthur<\/span><\/span>, 052 267 23 18<\/p>\n<p><iframe loading=\"lazy\" style=\"border: 0;\" src=\"https:\/\/www.google.com\/maps\/embed?pb=!1m18!1m12!1m3!1d2695.4737314079835!2d8.732779751792043!3d47.50016470321454!2m3!1f0!2f0!3f0!3m2!1i1024!2i768!4f13.1!3m3!1m2!1s0x479a9984b313b817%3A0xd7e0566f3eb459a1!2sMuseum+Lindengut+Zivilstandsamt+Trauungslokal!5e0!3m2!1sde!2sch!4v1551198828448\" width=\"1200\" height=\"500\" frameborder=\"0\" allowfullscreen=\"allowfullscreen\"><\/iframe><\/p>\n<p><span style=\"color: #ff0000;\"><a style=\"color: #ff0000;\" href=\"http:\/\/historischer-verein-winterthur.ch\/site\">zur\u00fcck<\/a><\/span><\/p>\n","protected":false},"excerpt":{"rendered":"<p>Die Villa Lindengut mit Kutscher- und G\u00e4rtnerhaus ist in eine pr\u00e4chtige Parkanlage eingebettet, die zum Verweilen einl\u00e4dt. Gegen Ende des 18.\u00a0Jahrhunderts ist die Villa als eines der ersten Wohnh\u00e4user ausserhalb der Toren Winterthurs vom Unternehmer Johann Sebastian Clais erbaut worden. Heute dient die Villa Lindengut als Basis f\u00fcr die Aktivit\u00e4ten des Historischen Vereins und als<a href=\"https:\/\/historischer-verein-winterthur.ch\/site\/lindengut\/\">[&#8230;]<\/a><\/p>\n","protected":false},"author":1,"featured_media":0,"parent":0,"menu_order":0,"comment_status":"closed","ping_status":"closed","template":"","meta":{"footnotes":""},"class_list":["post-71","page","type-page","status-publish","hentry"],"aioseo_notices":[],"_links":{"self":[{"href":"https:\/\/historischer-verein-winterthur.ch\/site\/wp-json\/wp\/v2\/pages\/71","targetHints":{"allow":["GET"]}}],"collection":[{"href":"https:\/\/historischer-verein-winterthur.ch\/site\/wp-json\/wp\/v2\/pages"}],"about":[{"href":"https:\/\/historischer-verein-winterthur.ch\/site\/wp-json\/wp\/v2\/types\/page"}],"author":[{"embeddable":true,"href":"https:\/\/historischer-verein-winterthur.ch\/site\/wp-json\/wp\/v2\/users\/1"}],"replies":[{"embeddable":true,"href":"https:\/\/historischer-verein-winterthur.ch\/site\/wp-json\/wp\/v2\/comments?post=71"}],"version-history":[{"count":49,"href":"https:\/\/historischer-verein-winterthur.ch\/site\/wp-json\/wp\/v2\/pages\/71\/revisions"}],"predecessor-version":[{"id":2044,"href":"https:\/\/historischer-verein-winterthur.ch\/site\/wp-json\/wp\/v2\/pages\/71\/revisions\/2044"}],"wp:attachment":[{"href":"https:\/\/historischer-verein-winterthur.ch\/site\/wp-json\/wp\/v2\/media?parent=71"}],"curies":[{"name":"wp","href":"https:\/\/api.w.org\/{rel}","templated":true}]}}